se
Is 10729 a prime number?
True
Is 1981787 composite?
False
Is 20873 composite?
False
Is 2657 a composite number?
False
Is 48073 a prime number?
True
Is 172151 composite?
True
Is 1543 a composite number?
False
Is 140443 a prime number?
True
Is 6033 composite?
True
Is 18173 composite?
True
Is 17203 composite?
False
Is 499267 prime?
True
Is 2098 composite?
True
Is 49281 a prime number?
False
Is 18485 composite?
True
Is 29117 a prime number?
False
Is 255551 a composite number?
False
Is 325939 prime?
True
Is 2291449 composite?
True
Is 6007 a prime number?
True
Is 635563 prime?
True
Is 104281 composite?
False
Is 2326 a prime number?
False
Is 25301 prime?
True
Is 90931 composite?
False
Is 581941 a prime number?
True
Is 47113 prime?
False
Is 1259 prime?
True
Is 196153 composite?
True
Is 11255 a prime number?
False
Is 303049 a composite number?
False
Is 669 a composite number?
True
Is 508637 composite?
False
Is 23099 a composite number?
False
Is 6457 prime?
False
Is 21701 composite?
False
Is 55273 a prime number?
False
Is 78259 prime?
True
Is 399547 composite?
True
Is 112289 a prime number?
True
Is 137726 a composite number?
True
Is 22513 a composite number?
True
Is 5314 composite?
True
Is 3981 prime?
False
Is 20027 composite?
True
Is 631943 a prime number?
False
Is 1203 composite?
True
Is 25793 a composite number?
False
Is 26473 composite?
True
Is 23509 a prime number?
True
Is 123001 prime?
True
Is 12841 a composite number?
False
Is 72305 prime?
False
Is 4861 composite?
False
Is 5273 prime?
True
Is 19417 a composite number?
False
Is 1632809 prime?
True
Is 12227 a composite number?
False
Is 36706 composite?
True
Is 22189 a composite number?
False
Is 83041 a prime number?
False
Is 20649 composite?
True
Is 17527 prime?
False
Is 1705387 a prime number?
True
Is 295727 composite?
False
Is 8691 prime?
False
Is 56569 a prime number?
True
Is 10079 composite?
False
Is 2813 a composite number?
True
Is 96517 prime?
True
Is 2453 prime?
False
Is 2099 prime?
True
Is 2230219 a prime number?
True
Is 27361 prime?
True
Is 9151 prime?
True
Is 237 composite?
True
Is 1187 prime?
True
Is 18701 composite?
False
Is 171809 a composite number?
True
Is 71653 a composite number?
True
Is 20499 a prime number?
False
Is 7283 a composite number?
False
Is 154277 composite?
False
Is 3691 prime?
True
Is 7451 composite?
False
Is 3491 a prime number?
True
Is 4327 prime?
True
Is 162467 a prime number?
False
Is 371 a prime number?
False
Is 8461 composite?
False
Is 681 prime?
False
Is 3176409 prime?
False
Is 85103 prime?
True
Is 25817 prime?
False
Is 6247 composite?
False
Is 96137 composite?
False
Is 32467 a prime number?
True
Is 22901 a prime number?
True
Is 449971 composite?
False
Is 128813 a prime number?
True
Is 3466 a composite number?
True
Is 36965 a composite number?
True
Is 167261 a prime number?
True
Is 37667 a prime number?
False
Is 4159 a prime number?
True
Is 52999 composite?
False
Is 570761 a composite number?
True
Is 3593 prime?
True
Is 49809 composite?
True
Is 694427 a composite number?
False
Is 4507 a prime number?
True
Is 28051 a composite number?
False
Is 1649627 composite?
True
Is 14077 prime?
False
Is 35791 prime?
False
Is 37229 a composite number?
True
Is 30773 a composite number?
False
Is 46807 prime?
True
Is 21327 a composite number?
True
Is 121111 composite?
True
Is 1349077 a composite number?
False
Is 2021307 a prime number?
False
Is 19535 a composite number?
True
Is 166 a composite number?
True
Is 14777 a prime number?
False
Is 179159 a composite number?
True
Is 530117 composite?
True
Is 28729 prime?
True
Is 276671 composite?
False
Is 18773 a prime number?
True
Is 12871 a prime number?
False
Is 1541417 composite?
True
Is 7853 composite?
False
Is 4783 composite?
False
Is 20413 a prime number?
False
Is 3831 composite?
True
Is 3409 a composite number?
True
Is 6671 prime?
False
Is 17401 a prime number?
True
Is 88117 a prime number?
True
Is 1259 a composite number?
False
Is 7933 a composite number?
False
Is 49363 a composite number?
False
Is 36037 composite?
False
Is 38039 a composite number?
False
Is 56263 a composite number?
False
Is 145699 prime?
False
Is 232643 a composite number?
False
Is 570637 a prime number?
True
Is 47327 prime?
False
Is 85495 a prime number?
False
Is 25969 composite?
False
Is 26479 a composite number?
False
Is 68455 a composite number?
True
Is 9409 composite?
True
Is 528127 composite?
False
Is 1673 prime?
False
Is 183221 a prime number?
False
Is 26518 a prime number?
False
Is 110869 a composite number?
True
Is 3161 a composite number?
True
Is 4547 a composite number?
False
Is 68755 prime?
False
Is 20039 a prime number?
False
Is 2503 a composite number?
False
Is 834895 prime?
False
Is 28637 a composite number?
True
Is 10973 a composite number?
False
Is 5147 a composite number?
False
Is 54371 a composite number?
False
Is 6041 prime?
False
Is 21961 prime?
True
Is 433617 a prime number?
False
Is 7349 a composite number?
False
Is 549281 a prime number?
True
Is 807 a composite number?
True
Is 4513 a composite number?
False
Is 79993 a composite number?
True
Is 119489 a composite number?
False
Is 433393 composite?
False
Is 1987 a prime number?
True
Is 545617 composite?
False
Is 49391 prime?
True
Is 198127 a composite number?
False
Is 223241 a prime number?
True
Is 6521 prime?
True
Is 303257 a composite number?
False
Is 61043 a prime number?
True
Is 59197 composite?
False
Is 14591 prime?
True
Is 46555 a prime number?
False
Is 55507 a composite number?
True
Is 4303 prime?
False
Is 62233 a composite number?
False
Is 9091 a composite number?
False
Is 186551 composite?
False
Is 3665 a prime number?
False
Is 390909 prime?
False
Is 6947 a prime number?
True
Is 15689 prime?
False
Is 3821 prime?
True
Is 9221 a composite number?
False
Is 35419 composite?
False
Is 25523 prime?
True
Is 9967 a prime number?
True
Is 4091 composite?
False
Is 3353 composite?
True
Is 120283 a composite number?
False
Is 8347 a composite number?
True
Is 3163 a prime number?
True
Is 592631 composite?
True
Is 44521 composite?
True
Is 389629 a prime number?
True
Is 525461 composite?
False
Is 5323 a composite number?
False
Is 12697 prime?
True
Is 1243 composite?
True
Is 26027 prime?
False
Is 225439 prime?
False
Is 499 a composite number?
False
Is 703 composite?
True
Is 8402 a prime number?
False
Is 273085 a composite number?
True
Is 22307 prime?
True
Is 190997 a composite number?
False
Is 9151 a prime number?
True
Is 9587 a prime number?
True
Is 7207 prime?
True
Is 131855 prime?
False
Is 1649 a composite number?
True
Is 15359 a composite number?
False
Is 1725889 a prime number?
False
Is 2473 a prime number?
True
Is 106087 composite?
False
Is 185149 a prime number?
True
Is 740121 a prime number?
False
Is 182513 composite?
True
Is 16153 prime?
False
Is 862907 composite?
False
Is 17503 a composite number?
True
Is 1135819 a prime number?
True
Is 152897 a composite number?
False
Is 13523 a composite number?
False
Is 176741 a composite number?
False
Is 228155 prime?
False
Is 26309 a prime number?
True
Is 3943 prime?
True
Is 907 prime?
True
Is 305741 composite?
False
Is 775189 a prime number?
True
Is 13799 a prime number?
True
Is 877 a prime number?
True
Is 4629 a composite number?
True
Is 1373027 a composite number?
False
Is 67103 a prime number?
True
Is 1223927 prime?
False
Is 1881241 a prime number?
True
Is 24331 a prime number?
False
Is 7043 composite?
False
Is 4493 prime?
True
Is 5171 prime?
True
Is 100027 composite?
True
Is 99037 a prime number?
False
Is 2999 a composite number?
False
Is 19733 composite?
True
Is 73585 composite?
True
Is 11183 composite?
True
Is 58081 a prime number?
False
Is 34757 a prime number?
True
Is 11851 a prime number?
False
Is 89189 a prime number?
True
Is 1651 a composite number?
True
Is 80033 a prime number?
False
Is 53563 a prime number?
False
Is 262817 prime?
False
Is 15529 a prime number?
False
Is 100559 composite?
False
Is 109561 a composite number?
True
Is 17371 prime?
False
Is 183797 prime?
True
Is 3691 prime?
True
Is 7765 prime?
False
Is 76333 a composite number?
False
Is 7157 a prime number?
False
Is 758987 composite?
False
Is 581 a prime number?
False
Is 132887 a composite number?
False
Is 579317 a prime number?
False
Is 551011 a prime number?
False
I